 Let g = 44 - 38. Give d(g).
21
Let g(w) = w. Let s be (3*2/9)/((-4)/6). What is g(s)?
-1
Suppose 0 = 4*h - 7*h. Suppose 2*y + 0 + 4 = h. Let z(v) = -v**3 - 3*v**2 + v + 2. Calculate z(y).
-4
Let f(i) = -5*i + 1. Let z = 10 + -17. Let y = z + 10. Calculate f(y).
-14
Let y(o) = -o**3 + 5*o**2 - 3*o - 1. Let v(m) = -m - 2. Suppose 4*q + 16 = 2*t, -q + 18 = -4*t + 8. Let x be v(q). Calculate y(x).
3
Let r(c) = 2*c + 7. Let q(p) = 5*p + 4. Let u be q(4). Suppose u = -4*d - 0*d. Determine r(d).
-5
Let z(r) = -12*r**3 + 2*r**2 - 2. Let i(m) = -25*m**3 + 5*m**2 - 5. Let k(s) = 3*i(s) - 7*z(s). Calculate k(1).
9
Suppose -3*p + 7 + 2 = 0. Let s(d) = -6 + d**2 - p + 2 - 4*d. Calculate s(5).
-2
Let d(p) = -p + 8. Suppose -25 = -5*w + 5. Calculate d(w).
2
Let j(w) = -9*w. Let x be j(-1). Let d = 5 - x. Let z(m) = 2 - 4*m + 0*m**2 - 1 - m**2. Determine z(d).
1
Let i(q) = q**3 + 4*q**2 + 2*q - 1. Let v = -8 - -21. Suppose -b - 4*p - 6 = -4*b, -b + 5*p = -v. Give i(b).
3
Let m(z) be the first derivative of 5*z - 2 - 3/2*z**2. Determine m(5).
-10
Let c(i) = 3*i**2 + 2*i + 12. Let f(k) = -2*k**2 - k - 6. Let o(u) = 3*c(u) + 5*f(u). Calculate o(0).
6
Let k(i) = -i**2 + 2*i - 3. Suppose -6 = 2*q - 2*r + 4*r, -4*q = -r - 8. Suppose 2*x = -n + 5, 5*x + 3*n = 3*x - q. What is k(x)?
-11
Let h be (-2)/5 + 4/10. Let l(t) = h - 4*t + t**3 + 0*t**3 + 9*t + 4 + 5*t**2. Calculate l(-3).
7
Let f(b) be the second derivative of b**5/40 + b**4/8 + b**3/2 - 2*b. Let h(i) be the second derivative of f(i). Determine h(-2).
-3
Let c(b) = -2*b - 9. Suppose 0 = j + n + 2, 3*n - 4 = 2*n. Determine c(j).
3
Let h(l) = l**2 + 7*l - 6. Let y be h(-8). Let p(w) = -2*w + 7 + 12*w**2 - 8*w**2 - 5*w**y. Determine p(-5).
-8
Let s(a) be the third derivative of -a**2 + 0*a + 0 + 7/60*a**5 - 5/24*a**4 - 2/3*a**3 - 1/120*a**6. What is s(6)?
2
Let y be 3/(-6) + (-18)/(-4). Let m(l) = l**3 - 7 + y*l + 5*l**2 + 7. Give m(-4).
0
Let s(q) = q. Suppose 15 = 3*j, -5*j + 25 - 5 = -5*y. Let k = y - -7. Let c = -5 + k. Calculate s(c).
3
Suppose -d = -5*w + 15, 6*w - 3*w + 5*d = -19. Let p(q) = -6 - q**w - 3*q + 6. Determine p(-4).
-4
Let d(m) = -2*m**3 - m. Suppose 2*h = h + 2, 2*f = -3*h + 10. Suppose -f*p - 2 = -4*p. Give d(p).
-3
Let m(c) = -4*c**3 - c. Let k be m(-1). Let q be (-32)/k - 6/(-15). Let f(h) = h**2 + 5*h + 5. Give f(q).
11
Let v(j) be the second derivative of -7*j**6/720 + j**5/120 + 5*j**4/6 + 2*j. Let h(t) be the third derivative of v(t). Give h(1).
-6
Let a(p) = -2*p**2 + 2. Let r(u) = -7*u**2 - 6*u - 5. Let g(s) = -8*s**2 - 7*s - 6. Let z(j) = 6*g(j) - 7*r(j). Let n(m) = -3*a(m) - 7*z(m). Determine n(3).
-8
Let h(m) = -5*m**3 - 1 + 3*m + 4*m**3 - 3*m + 3*m**2. Let i(o) = -o**3 - 5*o**2 - 5*o - 1. Let d be i(-4). Give h(d).
-1
Let h(g) = -2*g + 9. Let n(v) = -v + 1. Let o(f) = h(f) - n(f). What is o(6)?
2
Let u(w) = w**2 + 12*w + 4. Let q be u(-12). Let n(o) = 2*o - 3. Give n(q).
5
Let p(k) = -k**2 - 4*k + 8. Let z be p(-6). Let v(q) be the first derivative of q**2/2 + 3*q - 1. Determine v(z).
-1
Suppose 0 = -0*k + 5*k - 50. Let p(l) = l**2 - 9*l - 11. What is p(k)?
-1
Let w = 10 - -2. Let z(y) = -w*y + 14*y - 10*y. Determine z(1).
-8
Let h = 2 - -3. Let l(u) = -u**2 + 6*u - 2. Give l(h).
3
Let d(k) = -k**3 - 3*k**2 + 2*k - 1. Let l be d(-3). Let y(q) = -q**2 - 4*q + 10. Calculate y(l).
-11
Let i be (1/(-4))/((-13)/104). Suppose -v + 5 = -0. Let s(x) = -v + 4*x**2 - 6*x**2 + 2*x + 2. Determine s(i).
-7
Let z(q) = 17*q**3 - 2*q. Let x(d) = -8*d**3 + d. Let f(u) = -5*x(u) - 2*z(u). Determine f(-1).
-5
Let d(r) = r**3 + 5*r**2 - 6*r - 3. Let s be 102/14 + (-4)/14. Suppose s*x + 18 = 4*x. What is d(x)?
-3
Let q(w) be the first derivative of 0*w**2 + w + 1/3*w**3 + 1. Let n be q(-2). Let o(y) = y**2 - 2*y - 7. Give o(n).
8
Let c = -7 - -4. Let x(h) = h**2. Let g(u) be the third derivative of u**5/30 + u**4/12 + u**3/3 + u**2. Let d(a) = g(a) - x(a). Give d(c).
5
Suppose -12 = -3*t + 6. Let o = -14 - -16. Let x(a) = a**2 - o*a + 0 - 1 - 3*a + t*a. Give x(0).
-1
Suppose -l - 2*x - 2 = -3*l, 2*l - 5 = 5*x. Suppose 0 = 4*u - l*u + 8. Let j = u + -1. Let q(y) = y + 4. What is q(j)?
1
Let q(o) = -3*o - 5 + 2 + 2 - 1. Suppose -6*z + z = -45. Suppose z = -i + 3*p, 4*p - 2 = 3*p. Determine q(i).
7
Let y = -6 - -8. Suppose 0 = 2*o + y*o. Let g = o - -1. Let c(l) = -5*l**3 - l**2. Calculate c(g).
-6
Let f = 2 + -1. Let u(n) = f + 4 + 3 + n. What is u(-5)?
3
Suppose 0 = -3*n + 2*d - 5, 3*n - 5*d + 0 = -8. Let x(m) = -20*m - 1. What is x(n)?
19
Let f(b) = -b**3 + 7*b**2 + 7*b + 11. Let n be f(8). Suppose 0 = s + n*s. Let o be (4/2)/(-2 - s). Let a(l) = -2*l**2 + 1. Calculate a(o).
-1
Let y(j) = -j**3 + 6*j**2 - 6. Let a(m) = m**3 - m**2 - m. Let w(s) = 2*a(s) + y(s). Calculate w(-4).
2
Let i(t) be the second derivative of t**5/20 + t**4/3 + 5*t**3/6 + 3*t**2/2 + 4*t. Let b(y) = 3*y + 15. Let w be b(-6). Determine i(w).
-3
Let c = -70 + 72. Let i(l) = l**2 + l + 1. Give i(c).
7
Let g(x) = 6*x**2 - 11*x - 5. Let y(c) = -c**2 + c. Let z(k) = g(k) + 5*y(k). Suppose -3*f - 21 = -7*f + p, -f + 9 = p. Calculate z(f).
-5
Suppose o = 3*o - 6. Let x(u) be the second derivative of u**6/360 - u**4/8 - u**3/3 - u. Let q(i) be the second derivative of x(i). What is q(o)?
6
Suppose 0 = -5*n - 3*p + 6, -8*n + 6*n = 4*p - 8. Let r(y) be the third derivative of 2/15*y**5 + 0*y + n + y**2 - 1/6*y**3 - 1/24*y**4. Give r(-1).
8
Let d(m) = -171*m - 167*m + 339*m + 7. Calculate d(-8).
-1
Let l(j) be the first derivative of -1/3*j**3 - 7*j - 1 - 3*j**2. Give l(-5).
-2
Let b be (-1)/(7/(-2) - -3). Let a(x) = 0*x + 15 - b*x + x - 14. Calculate a(6).
-5
Let x(b) = -1 - b + 6*b - 3*b. Calculate x(6).
11
Let n(z) = -3*z - 9. Let b(j) = -10*j - 26. Suppose 3*i - 3*x = -15, -2*i + 4*x - 8 = -4*i. Let v be (i + 0)/(-2)*2. Let c(y) = v*b(y) - 7*n(y). What is c(-5)?
6
Let z(k) = k - 5. Let o be z(5). Let d(h) = o - 2 + h + 0*h. Let x be d(5). Let v(r) = r**2 - 3*r + 4. What is v(x)?
4
Let q(o) be the third derivative of -o**6/120 + o**5/60 - o**3/6 + 3*o**2. Let b(l) = 8*l**3 - 7*l**2 + l + 3. Let r(y) = b(y) + 5*q(y). What is r(2)?
16
Let l(g) = 4*g**2 - 3. Let d(j) = 7*j**2 - j - 5. Let o(t) = -3*d(t) + 5*l(t). Give o(4).
-4
Let y = 28 - 33. Let n(f) = -f**3 - 6*f**2 - 7*f. What is n(y)?
10
Let d(s) be the second derivative of -s**6/360 + 7*s**5/120 - s**4/24 - s**3/6 - s. Let v(a) be the second derivative of d(a). Let m = -12 + 17. Give v(m).
9
Let g = -10 + 12. Let h be (g - 4)*3/2. Let w(a) = -a**3 - 2*a**2 + 1. Determine w(h).
10
Let y(o) = 4*o + 1. Let i(l) = 3*l + 2. Let h(p) = 5*i(p) - 4*y(p). What is h(11)?
-5
Let u(c) = -3*c + c**3 - 24 + 4*c**2 + 9 + 9. Give u(-4).
6
Let z(w) = -5*w**3 - 10*w**2 - 8. Let x(n) = -n**3 - n**2. Let t(k) = 4*x(k) - z(k). Give t(-6).
8
Let a(q) = -3*q**2 + 1. Let o(z) = 2*z - 5*z + 4 + 4*z. Let m be (-2)/(0 - -2)*3. Let c be o(m). Determine a(c).
-2
Let u(r) = -r + 3. Let j be 2/(-7) + 370/70. Determine u(j).
-2
Let u(a) = -a + 1. Let z be u(-3). Let v(h) = h**3 - 5*h**2 + 3*h + 1. What is v(z)?
-3
Let n(h) = h**2 - 2*h + 3. Let f be n(2). Let v be 0*(-2)/((-2)/1). Let l(d) = v + d**2 + 2*d - f - d. Calculate l(0).
-3
Suppose -5*y - 23 = -2*y - 4*b, -21 = -4*y - 5*b. Let t(j) = -15*j + 1. What is t(y)?
16
Suppose s = -3*j + 4*j + 1, 2*j - 19 = -5*s. Let x(d) = -3*d - 4. Determine x(s).
-13
Let m(h) = -h**2 - 7*h - 4. Let l(p) be the first derivative of -2/3*p**3 - 5*p - 1 - 4*p**2. Let b(y) = 5*l(y) - 6*m(y). What is b(1)?
-3
Let w(y) = -y**2 - 21*y**3 + 37*y - 35*y - 1 + 3*y**3. Determine w(1).
-18
Let v(u) be the first derivative of -1/2*u**2 + 10*u - 3. Give v(5).
5
Suppose -3*r - 2*w + 16 = 0, 3*r - 14 = -2*r + 3*w. Let v(q) = 3*q - 4*q + 1 - 2. Let x(j) = j + 5. Let z(n) = 3*v(n) + x(n). What is z(r)?
-6
Let k(w) = w + 44 - 94 + 42. Let n = 3 + -3. What is k(n)?
-8
Suppose 45 = -6*m + 33. Let p(z) = -z**3 - 2*z**2 + z + 1. Give p(m).
-1
Let j(x) = x**2 - 4*x + 4. Let s(m) = -m**3 + 4*m**2 + 4*m + 7. Let o be s(5). Suppose 6 = 4*w - o*w. What is j(w)?
1
Suppose 0*p + p - 2 = 0. Let o(u) = -3*u**2 + 0*u**2 + 2*u**p + u. Suppose 2*f - 2 = -d, -d - 3*d + 8 = f. Determine o(f).
0
Let u(l) = 0 - 3 + 0*l**2 + l**2. Let o(d) = -d**2 - 6*d. Let p be o(-6). Calculate u(p).
-3
Let r(n) = -4*n**3 +